{"id":15,"date":"2010-06-10T15:42:58","date_gmt":"2010-06-10T20:42:58","guid":{"rendered":"http:\/\/www.mundoyibel.com\/?page_id=15"},"modified":"2012-08-18T10:48:55","modified_gmt":"2012-08-18T15:48:55","slug":"interiorismo","status":"publish","type":"page","link":"http:\/\/www.mundoyibel.com\/?page_id=15","title":{"rendered":"Interiorismo"},"content":{"rendered":"<p>Puede ser que el estilo de cocina se tenga claro al momento de tomar la decisi\u00f3n de compra. Sin embargo existen muchos elementos que giran en torno a este espacio culinario. Las dimensiones, forma, luz, la relaci\u00f3n con otros espacios, entre otros factores, son temas a considerar.<\/p>\n<p>A trav\u00e9s del profesionalismo de sus especialistas en dise\u00f1o de interiores Yibel analiza todos los puntos importantes para dise\u00f1ar y crear una atm\u00f3sfera equilibrada y coherente, yendo m\u00e1s all\u00e1 del simple proceso de fabricaci\u00f3n.<\/p>\n<p>Cada punto es analizado y estudiado para lograr una cocina funcional, practica y enteramente a la medida.<\/p>\n<p>El resultado: optimizaci\u00f3n de espacios, elementos decorativos, funcionalidad, dise\u00f1o y originalidad.<\/p>\n\n\t\t<style type=\"text\/css\">\n\t\t\t#gallery-1 {\n\t\t\t\tmargin: auto;\n\t\t\t}\n\t\t\t#gallery-1 .gallery-item {\n\t\t\t\tfloat: left;\n\t\t\t\tmargin-top: 10px;\n\t\t\t\ttext-align: center;\n\t\t\t\twidth: 50%;\n\t\t\t}\n\t\t\t#gallery-1 img {\n\t\t\t\tborder: 2px solid #cfcfcf;\n\t\t\t}\n\t\t\t#gallery-1 .gallery-caption {\n\t\t\t\tmargin-left: 0;\n\t\t\t}\n\t\t\t\/* see gallery_shortcode() in wp-includes\/media.php *\/\n\t\t<\/style>\n\t\t<div id='gallery-1' class='gallery galleryid-15 gallery-columns-2 gallery-size-thumbnail'><dl class='gallery-item'>\n\t\t\t<dt class='gallery-icon landscape'>\n\t\t\t\t<a href='http:\/\/www.mundoyibel.com\/?attachment_id=153'><img loading=\"lazy\" decoding=\"async\" width=\"150\" height=\"150\" src=\"http:\/\/www.mundoyibel.com\/wp-content\/uploads\/2010\/08\/cartel3-150x150.jpg\" class=\"attachment-thumbnail size-thumbnail\" alt=\"\" \/><\/a>\n\t\t\t<\/dt><\/dl><dl class='gallery-item'>\n\t\t\t<dt class='gallery-icon landscape'>\n\t\t\t\t<a href='http:\/\/www.mundoyibel.com\/?attachment_id=154'><img loading=\"lazy\" decoding=\"async\" width=\"150\" height=\"150\" src=\"http:\/\/www.mundoyibel.com\/wp-content\/uploads\/2010\/08\/cartel4-150x150.jpg\" class=\"attachment-thumbnail size-thumbnail\" alt=\"\" \/><\/a>\n\t\t\t<\/dt><\/dl><br style=\"clear: both\" \/><dl class='gallery-item'>\n\t\t\t<dt class='gallery-icon landscape'>\n\t\t\t\t<a href='http:\/\/www.mundoyibel.com\/?attachment_id=155'><img loading=\"lazy\" decoding=\"async\" width=\"150\" height=\"150\" src=\"http:\/\/www.mundoyibel.com\/wp-content\/uploads\/2010\/08\/DSC_0720-150x150.jpg\" class=\"attachment-thumbnail size-thumbnail\" alt=\"\" \/><\/a>\n\t\t\t<\/dt><\/dl><dl class='gallery-item'>\n\t\t\t<dt class='gallery-icon landscape'>\n\t\t\t\t<a href='http:\/\/www.mundoyibel.com\/?attachment_id=156'><img loading=\"lazy\" decoding=\"async\" width=\"150\" height=\"150\" src=\"http:\/\/www.mundoyibel.com\/wp-content\/uploads\/2010\/08\/DSC_0776-150x150.jpg\" class=\"attachment-thumbnail size-thumbnail\" alt=\"\" \/><\/a>\n\t\t\t<\/dt><\/dl><br style=\"clear: both\" \/>\n\t\t<\/div>\n\n","protected":false},"excerpt":{"rendered":"<p>Puede ser que el estilo de cocina se tenga claro al momento de tomar la decisi\u00f3n de compra. Sin embargo existen muchos elementos que giran en torno a este espacio culinario. Las dimensiones, forma, luz, la relaci\u00f3n con otros espacios, &hellip; <a href=\"http:\/\/www.mundoyibel.com\/?page_id=15\">Sigue leyendo <span class=\"meta-nav\">&rarr;<\/span><\/a><\/p>\n","protected":false},"author":1,"featured_media":0,"parent":0,"menu_order":3,"comment_status":"closed","ping_status":"closed","template":"","meta":{"footnotes":""},"class_list":["post-15","page","type-page","status-publish","hentry"],"_links":{"self":[{"href":"http:\/\/www.mundoyibel.com\/index.php?rest_route=\/wp\/v2\/pages\/15","targetHints":{"allow":["GET"]}}],"collection":[{"href":"http:\/\/www.mundoyibel.com\/index.php?rest_route=\/wp\/v2\/pages"}],"about":[{"href":"http:\/\/www.mundoyibel.com\/index.php?rest_route=\/wp\/v2\/types\/page"}],"author":[{"embeddable":true,"href":"http:\/\/www.mundoyibel.com\/index.php?rest_route=\/wp\/v2\/users\/1"}],"replies":[{"embeddable":true,"href":"http:\/\/www.mundoyibel.com\/index.php?rest_route=%2Fwp%2Fv2%2Fcomments&post=15"}],"version-history":[{"count":11,"href":"http:\/\/www.mundoyibel.com\/index.php?rest_route=\/wp\/v2\/pages\/15\/revisions"}],"predecessor-version":[{"id":25,"href":"http:\/\/www.mundoyibel.com\/index.php?rest_route=\/wp\/v2\/pages\/15\/revisions\/25"}],"wp:attachment":[{"href":"http:\/\/www.mundoyibel.com\/index.php?rest_route=%2Fwp%2Fv2%2Fmedia&parent=15"}],"curies":[{"name":"wp","href":"https:\/\/api.w.org\/{rel}","templated":true}]}}